{"id":3024,"date":"2024-05-18T08:09:37","date_gmt":"2024-05-18T08:09:37","guid":{"rendered":"https:\/\/chateauvillarlong.com\/?post_type=product&#038;p=3024"},"modified":"2024-05-18T08:51:57","modified_gmt":"2024-05-18T08:51:57","slug":"classic-1-jeunes-talents","status":"publish","type":"product","link":"https:\/\/chateauvillarlong.com\/fr\/produit\/classic-1-jeunes-talents\/","title":{"rendered":"CLASSIC.1 &#8211; JEUNES TALENTS"},"content":{"rendered":"<p>Abbaye de Caunes-Minervois<br \/>\n&#8211; Au clo\u00eetre &#8211;<\/p>\n<p>Tom Carr\u00e9, piano \/ Stefan Boucabeille, piano \/ Jorg\u00e9 Sierra, violoncelle \/ Marco Messina, violoncelle \/ Ma\u00eblys Lauriac, violon \/ Gianluca Colaci, clarinette<\/p>\n<p>Avec la participation exceptionnelle de l\u2019auteur, r\u00e9alisateur et metteur en sc\u00e8ne Marc Hollogne et \u00e9galement les musiciens Cl\u00e9ment Lefebvre, Isabel Villanueva, Carole Rey, Mariko Inaba-Messina, Philippe Hanon, Patrick Messina<\/p>","protected":false},"excerpt":{"rendered":"<p>Abbaye de Caunes-Minervois &#8211; Au clo\u00eetre &#8211; Tom Carr\u00e9, piano \/ Stefan Boucabeille, piano \/ Jorg\u00e9 Sierra, violoncelle \/ Marco Messina, violoncelle \/ Ma\u00eblys Lauriac, violon \/ Gianluca Colaci, clarinette Avec la participation exceptionnelle de l\u2019auteur, r\u00e9alisateur et metteur en sc\u00e8ne Marc Hollogne et \u00e9galement les musiciens Cl\u00e9ment Lefebvre, Isabel Villanueva, Carole Rey, Mariko Inaba-Messina, [&hellip;]<\/p>","protected":false},"featured_media":3025,"comment_status":"open","ping_status":"closed","template":"","meta":[],"product_brand":[],"product_cat":[24],"product_tag":[],"class_list":{"0":"post-3024","1":"product","2":"type-product","3":"status-publish","4":"has-post-thumbnail","6":"product_cat-events","8":"first","9":"instock","10":"shipping-taxable","11":"product-type-simple"},"yoast_head":"<!-- This site is optimized with the Yoast SEO plugin v27.5 - https:\/\/yoast.com\/product\/yoast-seo-wordpress\/ -->\n<title>CLASSIC.1 - JEUNES TALENTS - Ch\u00e2teau Villarlong - Majestic ch\u00e2teau in the south of France with 13 flats offering unique and enchanting charm<\/title>\n<meta name=\"robots\" content=\"index, follow, max-snippet:-1, max-image-preview:large, max-video-preview:-1\" \/>\n<link rel=\"canonical\" href=\"https:\/\/chateauvillarlong.com\/fr\/produit\/classic-1-jeunes-talents\/\" \/>\n<meta property=\"og:locale\" content=\"fr_FR\" \/>\n<meta property=\"og:type\" content=\"article\" \/>\n<meta property=\"og:title\" content=\"CLASSIC.1 - JEUNES TALENTS - Ch\u00e2teau Villarlong - Majestic ch\u00e2teau in the south of France with 13 flats offering unique and enchanting charm\" \/>\n<meta property=\"og:description\" content=\"Abbaye de Caunes-Minervois &#8211; Au clo\u00eetre &#8211; Tom Carr\u00e9, piano \/ Stefan Boucabeille, piano \/ Jorg\u00e9 Sierra, violoncelle \/ Marco Messina, violoncelle \/ Ma\u00eblys Lauriac, violon \/ Gianluca Colaci, clarinette Avec la participation exceptionnelle de l\u2019auteur, r\u00e9alisateur et metteur en sc\u00e8ne Marc Hollogne et \u00e9galement les musiciens Cl\u00e9ment Lefebvre, Isabel Villanueva, Carole Rey, Mariko Inaba-Messina, [&hellip;]\" \/>\n<meta property=\"og:url\" content=\"https:\/\/chateauvillarlong.com\/fr\/produit\/classic-1-jeunes-talents\/\" \/>\n<meta property=\"og:site_name\" content=\"Ch\u00e2teau Villarlong - Majestic ch\u00e2teau in the south of France with 13 flats offering unique and enchanting charm\" \/>\n<meta property=\"article:modified_time\" content=\"2024-05-18T08:51:57+00:00\" \/>\n<meta property=\"og:image\" content=\"https:\/\/chateauvillarlong.com\/wp-content\/uploads\/2024\/05\/28-aout-2024-festival-caunes-minervois.gif\" \/>\n\t<meta property=\"og:image:width\" content=\"862\" \/>\n\t<meta property=\"og:image:height\" content=\"630\" \/>\n\t<meta property=\"og:image:type\" content=\"image\/gif\" \/>\n<meta name=\"twitter:card\" content=\"summary_large_image\" \/>\n<meta name=\"twitter:label1\" content=\"Dur\u00e9e de lecture estim\u00e9e\" \/>\n\t<meta name=\"twitter:data1\" content=\"1 minute\" \/>\n<script type=\"application\/ld+json\" class=\"yoast-schema-graph\">{\"@context\":\"https:\\\/\\\/schema.org\",\"@graph\":[{\"@type\":\"WebPage\",\"@id\":\"https:\\\/\\\/chateauvillarlong.com\\\/product\\\/classic-1-jeunes-talents\\\/\",\"url\":\"https:\\\/\\\/chateauvillarlong.com\\\/product\\\/classic-1-jeunes-talents\\\/\",\"name\":\"CLASSIC.1 - JEUNES TALENTS - Ch\u00e2teau Villarlong - Majestic ch\u00e2teau in the south of France with 13 flats offering unique and enchanting charm\",\"isPartOf\":{\"@id\":\"https:\\\/\\\/chateauvillarlong.com\\\/#website\"},\"primaryImageOfPage\":{\"@id\":\"https:\\\/\\\/chateauvillarlong.com\\\/product\\\/classic-1-jeunes-talents\\\/#primaryimage\"},\"image\":{\"@id\":\"https:\\\/\\\/chateauvillarlong.com\\\/product\\\/classic-1-jeunes-talents\\\/#primaryimage\"},\"thumbnailUrl\":\"https:\\\/\\\/chateauvillarlong.com\\\/wp-content\\\/uploads\\\/2024\\\/05\\\/28-aout-2024-festival-caunes-minervois.gif\",\"datePublished\":\"2024-05-18T08:09:37+00:00\",\"dateModified\":\"2024-05-18T08:51:57+00:00\",\"breadcrumb\":{\"@id\":\"https:\\\/\\\/chateauvillarlong.com\\\/product\\\/classic-1-jeunes-talents\\\/#breadcrumb\"},\"inLanguage\":\"fr-FR\",\"potentialAction\":[{\"@type\":\"ReadAction\",\"target\":[\"https:\\\/\\\/chateauvillarlong.com\\\/product\\\/classic-1-jeunes-talents\\\/\"]}]},{\"@type\":\"ImageObject\",\"inLanguage\":\"fr-FR\",\"@id\":\"https:\\\/\\\/chateauvillarlong.com\\\/product\\\/classic-1-jeunes-talents\\\/#primaryimage\",\"url\":\"https:\\\/\\\/chateauvillarlong.com\\\/wp-content\\\/uploads\\\/2024\\\/05\\\/28-aout-2024-festival-caunes-minervois.gif\",\"contentUrl\":\"https:\\\/\\\/chateauvillarlong.com\\\/wp-content\\\/uploads\\\/2024\\\/05\\\/28-aout-2024-festival-caunes-minervois.gif\",\"width\":862,\"height\":630},{\"@type\":\"BreadcrumbList\",\"@id\":\"https:\\\/\\\/chateauvillarlong.com\\\/product\\\/classic-1-jeunes-talents\\\/#breadcrumb\",\"itemListElement\":[{\"@type\":\"ListItem\",\"position\":1,\"name\":\"Home\",\"item\":\"https:\\\/\\\/chateauvillarlong.com\\\/\"},{\"@type\":\"ListItem\",\"position\":2,\"name\":\"Shop\",\"item\":\"https:\\\/\\\/chateauvillarlong.com\\\/fr\\\/shop\\\/\"},{\"@type\":\"ListItem\",\"position\":3,\"name\":\"CLASSIC.1 &#8211; JEUNES TALENTS\"}]},{\"@type\":\"WebSite\",\"@id\":\"https:\\\/\\\/chateauvillarlong.com\\\/#website\",\"url\":\"https:\\\/\\\/chateauvillarlong.com\\\/\",\"name\":\"Ch\u00e2teau Villarlong - Majestic ch\u00e2teau in the south of France with 13 flats offering unique and enchanting charm\",\"description\":\"In Southern France, our 13 stylish holiday apartments provide a genuine sense of belonging, inviting guests to indulge in the magic of this exceptional destination.\",\"potentialAction\":[{\"@type\":\"SearchAction\",\"target\":{\"@type\":\"EntryPoint\",\"urlTemplate\":\"https:\\\/\\\/chateauvillarlong.com\\\/?s={search_term_string}\"},\"query-input\":{\"@type\":\"PropertyValueSpecification\",\"valueRequired\":true,\"valueName\":\"search_term_string\"}}],\"inLanguage\":\"fr-FR\"}]}<\/script>\n<!-- \/ Yoast SEO plugin. -->","yoast_head_json":{"title":"CLASSIC.1 - JEUNES TALENTS - Ch\u00e2teau Villarlong - Majestic ch\u00e2teau in the south of France with 13 flats offering unique and enchanting charm","robots":{"index":"index","follow":"follow","max-snippet":"max-snippet:-1","max-image-preview":"max-image-preview:large","max-video-preview":"max-video-preview:-1"},"canonical":"https:\/\/chateauvillarlong.com\/fr\/produit\/classic-1-jeunes-talents\/","og_locale":"fr_FR","og_type":"article","og_title":"CLASSIC.1 - JEUNES TALENTS - Ch\u00e2teau Villarlong - Majestic ch\u00e2teau in the south of France with 13 flats offering unique and enchanting charm","og_description":"Abbaye de Caunes-Minervois &#8211; Au clo\u00eetre &#8211; Tom Carr\u00e9, piano \/ Stefan Boucabeille, piano \/ Jorg\u00e9 Sierra, violoncelle \/ Marco Messina, violoncelle \/ Ma\u00eblys Lauriac, violon \/ Gianluca Colaci, clarinette Avec la participation exceptionnelle de l\u2019auteur, r\u00e9alisateur et metteur en sc\u00e8ne Marc Hollogne et \u00e9galement les musiciens Cl\u00e9ment Lefebvre, Isabel Villanueva, Carole Rey, Mariko Inaba-Messina, [&hellip;]","og_url":"https:\/\/chateauvillarlong.com\/fr\/produit\/classic-1-jeunes-talents\/","og_site_name":"Ch\u00e2teau Villarlong - Majestic ch\u00e2teau in the south of France with 13 flats offering unique and enchanting charm","article_modified_time":"2024-05-18T08:51:57+00:00","og_image":[{"width":862,"height":630,"url":"https:\/\/chateauvillarlong.com\/wp-content\/uploads\/2024\/05\/28-aout-2024-festival-caunes-minervois.gif","type":"image\/gif"}],"twitter_card":"summary_large_image","twitter_misc":{"Dur\u00e9e de lecture estim\u00e9e":"1 minute"},"schema":{"@context":"https:\/\/schema.org","@graph":[{"@type":"WebPage","@id":"https:\/\/chateauvillarlong.com\/product\/classic-1-jeunes-talents\/","url":"https:\/\/chateauvillarlong.com\/product\/classic-1-jeunes-talents\/","name":"CLASSIC.1 - JEUNES TALENTS - Ch\u00e2teau Villarlong - Majestic ch\u00e2teau in the south of France with 13 flats offering unique and enchanting charm","isPartOf":{"@id":"https:\/\/chateauvillarlong.com\/#website"},"primaryImageOfPage":{"@id":"https:\/\/chateauvillarlong.com\/product\/classic-1-jeunes-talents\/#primaryimage"},"image":{"@id":"https:\/\/chateauvillarlong.com\/product\/classic-1-jeunes-talents\/#primaryimage"},"thumbnailUrl":"https:\/\/chateauvillarlong.com\/wp-content\/uploads\/2024\/05\/28-aout-2024-festival-caunes-minervois.gif","datePublished":"2024-05-18T08:09:37+00:00","dateModified":"2024-05-18T08:51:57+00:00","breadcrumb":{"@id":"https:\/\/chateauvillarlong.com\/product\/classic-1-jeunes-talents\/#breadcrumb"},"inLanguage":"fr-FR","potentialAction":[{"@type":"ReadAction","target":["https:\/\/chateauvillarlong.com\/product\/classic-1-jeunes-talents\/"]}]},{"@type":"ImageObject","inLanguage":"fr-FR","@id":"https:\/\/chateauvillarlong.com\/product\/classic-1-jeunes-talents\/#primaryimage","url":"https:\/\/chateauvillarlong.com\/wp-content\/uploads\/2024\/05\/28-aout-2024-festival-caunes-minervois.gif","contentUrl":"https:\/\/chateauvillarlong.com\/wp-content\/uploads\/2024\/05\/28-aout-2024-festival-caunes-minervois.gif","width":862,"height":630},{"@type":"BreadcrumbList","@id":"https:\/\/chateauvillarlong.com\/product\/classic-1-jeunes-talents\/#breadcrumb","itemListElement":[{"@type":"ListItem","position":1,"name":"Home","item":"https:\/\/chateauvillarlong.com\/"},{"@type":"ListItem","position":2,"name":"Shop","item":"https:\/\/chateauvillarlong.com\/fr\/shop\/"},{"@type":"ListItem","position":3,"name":"CLASSIC.1 &#8211; JEUNES TALENTS"}]},{"@type":"WebSite","@id":"https:\/\/chateauvillarlong.com\/#website","url":"https:\/\/chateauvillarlong.com\/","name":"Ch\u00e2teau Villarlong - Majestic ch\u00e2teau in the south of France with 13 flats offering unique and enchanting charm","description":"In Southern France, our 13 stylish holiday apartments provide a genuine sense of belonging, inviting guests to indulge in the magic of this exceptional destination.","potentialAction":[{"@type":"SearchAction","target":{"@type":"EntryPoint","urlTemplate":"https:\/\/chateauvillarlong.com\/?s={search_term_string}"},"query-input":{"@type":"PropertyValueSpecification","valueRequired":true,"valueName":"search_term_string"}}],"inLanguage":"fr-FR"}]}},"_links":{"self":[{"href":"https:\/\/chateauvillarlong.com\/fr\/wp-json\/wp\/v2\/product\/3024","targetHints":{"allow":["GET"]}}],"collection":[{"href":"https:\/\/chateauvillarlong.com\/fr\/wp-json\/wp\/v2\/product"}],"about":[{"href":"https:\/\/chateauvillarlong.com\/fr\/wp-json\/wp\/v2\/types\/product"}],"replies":[{"embeddable":true,"href":"https:\/\/chateauvillarlong.com\/fr\/wp-json\/wp\/v2\/comments?post=3024"}],"wp:featuredmedia":[{"embeddable":true,"href":"https:\/\/chateauvillarlong.com\/fr\/wp-json\/wp\/v2\/media\/3025"}],"wp:attachment":[{"href":"https:\/\/chateauvillarlong.com\/fr\/wp-json\/wp\/v2\/media?parent=3024"}],"wp:term":[{"taxonomy":"product_brand","embeddable":true,"href":"https:\/\/chateauvillarlong.com\/fr\/wp-json\/wp\/v2\/product_brand?post=3024"},{"taxonomy":"product_cat","embeddable":true,"href":"https:\/\/chateauvillarlong.com\/fr\/wp-json\/wp\/v2\/product_cat?post=3024"},{"taxonomy":"product_tag","embeddable":true,"href":"https:\/\/chateauvillarlong.com\/fr\/wp-json\/wp\/v2\/product_tag?post=3024"}],"curies":[{"name":"wp","href":"https:\/\/api.w.org\/{rel}","templated":true}]}}

<p>Abbaye de Caunes-Minervois<br />
&#8211; Au cloître &#8211;</p>
<p>Tom Carré, piano / Stefan Boucabeille, piano / Jorgé Sierra, violoncelle / Marco Messina, violoncelle / Maëlys Lauriac, violon / Gianluca Colaci, clarinette</p>
<p>Avec la participation exceptionnelle de l’auteur, réalisateur et metteur en scène Marc Hollogne et également les musiciens Clément Lefebvre, Isabel Villanueva, Carole Rey, Mariko Inaba-Messina, Philippe Hanon, Patrick Messina</p>

<p>Abbaye de Caunes-Minervois &#8211; Au cloître &#8211; Tom Carré, piano / Stefan Boucabeille, piano / Jorgé Sierra, violoncelle / Marco Messina, violoncelle / Maëlys Lauriac, violon / Gianluca Colaci, clarinette Avec la participation exceptionnelle de l’auteur, réalisateur et metteur en scène Marc Hollogne et également les musiciens Clément Lefebvre, Isabel Villanueva, Carole Rey, Mariko Inaba-Messina, [&hellip;]</p>

<!-- This site is optimized with the Yoast SEO plugin v27.5 - https://yoast.com/product/yoast-seo-wordpress/ -->
<title>CLASSIC.1 - JEUNES TALENTS - Château Villarlong - Majestic château in the south of France with 13 flats offering unique and enchanting charm</title>
<meta name="robots" content="index, follow, max-snippet:-1, max-image-preview:large, max-video-preview:-1" />
<link rel="canonical" href="https://chateauvillarlong.com/fr/produit/classic-1-jeunes-talents/" />
<meta property="og:locale" content="fr_FR" />
<meta property="og:type" content="article" />
<meta property="og:title" content="CLASSIC.1 - JEUNES TALENTS - Château Villarlong - Majestic château in the south of France with 13 flats offering unique and enchanting charm" />
<meta property="og:description" content="Abbaye de Caunes-Minervois &#8211; Au cloître &#8211; Tom Carré, piano / Stefan Boucabeille, piano / Jorgé Sierra, violoncelle / Marco Messina, violoncelle / Maëlys Lauriac, violon / Gianluca Colaci, clarinette Avec la participation exceptionnelle de l’auteur, réalisateur et metteur en scène Marc Hollogne et également les musiciens Clément Lefebvre, Isabel Villanueva, Carole Rey, Mariko Inaba-Messina, [&hellip;]" />
<meta property="og:url" content="https://chateauvillarlong.com/fr/produit/classic-1-jeunes-talents/" />
<meta property="og:site_name" content="Château Villarlong - Majestic château in the south of France with 13 flats offering unique and enchanting charm" />
<meta property="article:modified_time" content="2024-05-18T08:51:57+00:00" />
<meta property="og:image" content="https://chateauvillarlong.com/wp-content/uploads/2024/05/28-aout-2024-festival-caunes-minervois.gif" />
	<meta property="og:image:width" content="862" />
	<meta property="og:image:height" content="630" />
	<meta property="og:image:type" content="image/gif" />
<meta name="twitter:card" content="summary_large_image" />
<meta name="twitter:label1" content="Durée de lecture estimée" />
	<meta name="twitter:data1" content="1 minute" />
<script type="application/ld+json" class="yoast-schema-graph">{"@context":"https:\/\/schema.org","@graph":[{"@type":"WebPage","@id":"https:\/\/chateauvillarlong.com\/product\/classic-1-jeunes-talents\/","url":"https:\/\/chateauvillarlong.com\/product\/classic-1-jeunes-talents\/","name":"CLASSIC.1 - JEUNES TALENTS - Château Villarlong - Majestic château in the south of France with 13 flats offering unique and enchanting charm","isPartOf":{"@id":"https:\/\/chateauvillarlong.com\/#website"},"primaryImageOfPage":{"@id":"https:\/\/chateauvillarlong.com\/product\/classic-1-jeunes-talents\/#primaryimage"},"image":{"@id":"https:\/\/chateauvillarlong.com\/product\/classic-1-jeunes-talents\/#primaryimage"},"thumbnailUrl":"https:\/\/chateauvillarlong.com\/wp-content\/uploads\/2024\/05\/28-aout-2024-festival-caunes-minervois.gif","datePublished":"2024-05-18T08:09:37+00:00","dateModified":"2024-05-18T08:51:57+00:00","breadcrumb":{"@id":"https:\/\/chateauvillarlong.com\/product\/classic-1-jeunes-talents\/#breadcrumb"},"inLanguage":"fr-FR","potentialAction":[{"@type":"ReadAction","target":["https:\/\/chateauvillarlong.com\/product\/classic-1-jeunes-talents\/"]}]},{"@type":"ImageObject","inLanguage":"fr-FR","@id":"https:\/\/chateauvillarlong.com\/product\/classic-1-jeunes-talents\/#primaryimage","url":"https:\/\/chateauvillarlong.com\/wp-content\/uploads\/2024\/05\/28-aout-2024-festival-caunes-minervois.gif","contentUrl":"https:\/\/chateauvillarlong.com\/wp-content\/uploads\/2024\/05\/28-aout-2024-festival-caunes-minervois.gif","width":862,"height":630},{"@type":"BreadcrumbList","@id":"https:\/\/chateauvillarlong.com\/product\/classic-1-jeunes-talents\/#breadcrumb","itemListElement":[{"@type":"ListItem","position":1,"name":"Home","item":"https:\/\/chateauvillarlong.com\/"},{"@type":"ListItem","position":2,"name":"Shop","item":"https:\/\/chateauvillarlong.com\/fr\/shop\/"},{"@type":"ListItem","position":3,"name":"CLASSIC.1 &#8211; JEUNES TALENTS"}]},{"@type":"WebSite","@id":"https:\/\/chateauvillarlong.com\/#website","url":"https:\/\/chateauvillarlong.com\/","name":"Château Villarlong - Majestic château in the south of France with 13 flats offering unique and enchanting charm","description":"In Southern France, our 13 stylish holiday apartments provide a genuine sense of belonging, inviting guests to indulge in the magic of this exceptional destination.","potentialAction":[{"@type":"SearchAction","target":{"@type":"EntryPoint","urlTemplate":"https:\/\/chateauvillarlong.com\/?s={search_term_string}"},"query-input":{"@type":"PropertyValueSpecification","valueRequired":true,"valueName":"search_term_string"}}],"inLanguage":"fr-FR"}]}</script>
<!-- / Yoast SEO plugin. -->

CLASSIC.1 - JEUNES TALENTS - Château Villarlong - Majestic château in the south of France with 13 flats offering unique and enchanting charm

Abbaye de Caunes-Minervois &#8211; Au cloître &#8211; Tom Carré, piano / Stefan Boucabeille, piano / Jorgé Sierra, violoncelle / Marco Messina, violoncelle / Maëlys Lauriac, violon / Gianluca Colaci, clarinette Avec la participation exceptionnelle de l’auteur, réalisateur et metteur en scène Marc Hollogne et également les musiciens Clément Lefebvre, Isabel Villanueva, Carole Rey, Mariko Inaba-Messina, [&hellip;]

Château Villarlong - Majestic château in the south of France with 13 flats offering unique and enchanting charm
